{"id":6015,"date":"2018-02-07T10:13:55","date_gmt":"2018-02-07T10:13:55","guid":{"rendered":"http:\/\/noudisplay.com\/?page_id=6015"},"modified":"2018-02-07T10:38:55","modified_gmt":"2018-02-07T10:38:55","slug":"inicio","status":"publish","type":"page","link":"https:\/\/noudisplay.com\/index.php\/inicio\/?lang=fr","title":{"rendered":"Inicio 07022018"},"content":{"rendered":"<p>[et_pb_section bb_built=&#8221;1&#8243; _builder_version=&#8221;3.0.47&#8243; custom_padding=&#8221;0px|0px|0px|0px&#8221;][et_pb_row custom_padding=&#8221;0px|0px|1px|0px&#8221; make_equal=&#8221;on&#8221; module_class_1=&#8221;ds-vertical-align&#8221; module_class_2=&#8221;ds-vertical-align&#8221; _builder_version=&#8221;3.0.93&#8243; background_size=&#8221;initial&#8221; background_position=&#8221;top_left&#8221; background_repeat=&#8221;repeat&#8221; disabled=&#8221;off&#8221; disabled_on=&#8221;on|off|&#8221; custom_margin=&#8221;50px|||&#8221;][et_pb_column type=&#8221;1_2&#8243;][et_pb_image src=&#8221;https:\/\/noudisplay.com\/wp-content\/uploads\/2018\/02\/nespresso-fra00_510x485.jpg&#8221; url_new_window=&#8221;off&#8221; _builder_version=&#8221;3.0.100&#8243; show_in_lightbox=&#8221;off&#8221; use_overlay=&#8221;off&#8221; always_center_on_mobile=&#8221;on&#8221; force_fullwidth=&#8221;off&#8221; show_bottom_space=&#8221;on&#8221; custom_margin=&#8221;|||0px&#8221; \/][\/et_pb_column][et_pb_column type=&#8221;1_2&#8243;][et_pb_text _builder_version=&#8221;3.0.83&#8243; custom_margin=&#8221;|||-30px&#8221; text_text_color=&#8221;#666666&#8243;]<\/p>\n<p>La communication change, de nouvelles techniques apparaissent et la technologie joue un r\u00f4le fondamental, mais plus de 70% des d\u00e9cisions d&#8217;achat continuent de se prendre sur le lieu m\u00eame de la vente, o\u00f9 se produit le contact physique avec le produit. A l&#8217;instant de v\u00e9rit\u00e9 on ne peut pas \u00e9chouer.<\/p>\n<p>Dans ce sens l\u00e0, d\u00e9tacher, informer, s\u00e9duire et persuader continuent d&#8217;\u00eatre les objectifs fondamentaux sur le point de vente.<\/p>\n<p>[\/et_pb_text][\/et_pb_column][\/et_pb_row][et_pb_row custom_padding=&#8221;0px|0px|1px|0px&#8221; make_equal=&#8221;on&#8221; module_class_1=&#8221;ds-vertical-align&#8221; module_class_2=&#8221;ds-vertical-align&#8221; _builder_version=&#8221;3.0.83&#8243; background_size=&#8221;initial&#8221; background_position=&#8221;top_left&#8221; background_repeat=&#8221;repeat&#8221; disabled=&#8221;off&#8221; disabled_on=&#8221;|on|on&#8221;][et_pb_column type=&#8221;1_2&#8243;][et_pb_image src=&#8221;https:\/\/noudisplay.com\/wp-content\/uploads\/2018\/02\/nespresso-fra00_510x485.jpg&#8221; url_new_window=&#8221;off&#8221; _builder_version=&#8221;3.0.100&#8243; show_in_lightbox=&#8221;off&#8221; use_overlay=&#8221;off&#8221; always_center_on_mobile=&#8221;on&#8221; force_fullwidth=&#8221;off&#8221; show_bottom_space=&#8221;on&#8221; custom_margin=&#8221;|||0px&#8221; \/][\/et_pb_column][et_pb_column type=&#8221;1_2&#8243;][et_pb_text _builder_version=&#8221;3.0.83&#8243; custom_margin=&#8221;|||0px&#8221; text_text_color=&#8221;#666666&#8243;]<\/p>\n<p>La communication change, de nouvelles techniques apparaissent et la technologie joue un r\u00f4le fondamental, mais plus de 70% des d\u00e9cisions d&#8217;achat continuent de se prendre sur le lieu m\u00eame de la vente, o\u00f9 se produit le contact physique avec le produit. A l&#8217;instant de v\u00e9rit\u00e9 on ne peut pas \u00e9chouer.<\/p>\n<p>Dans ce sens l\u00e0, d\u00e9tacher, informer, s\u00e9duire et persuader continuent d&#8217;\u00eatre les objectifs fondamentaux sur le point de vente.<\/p>\n<p>[\/et_pb_text][\/et_pb_column][\/et_pb_row][\/et_pb_section]<\/p>\n","protected":false},"excerpt":{"rendered":"<p>La communication change, de nouvelles techniques apparaissent et la technologie joue un r\u00f4le fondamental, mais plus de 70% des d\u00e9cisions d&#8217;achat continuent de se prendre sur le lieu m\u00eame de la vente, o\u00f9 se produit le contact physique avec le produit. A l&#8217;instant de v\u00e9rit\u00e9 on ne peut pas \u00e9chouer. Dans ce sens l\u00e0, d\u00e9tacher, [&hellip;]<\/p>\n","protected":false},"author":1,"featured_media":0,"parent":0,"menu_order":0,"comment_status":"closed","ping_status":"closed","template":"","meta":{"_et_pb_use_builder":"on","_et_pb_old_content":"","_et_gb_content_width":"","footnotes":""},"class_list":["post-6015","page","type-page","status-publish","hentry"],"_links":{"self":[{"href":"https:\/\/noudisplay.com\/index.php\/wp-json\/wp\/v2\/pages\/6015","targetHints":{"allow":["GET"]}}],"collection":[{"href":"https:\/\/noudisplay.com\/index.php\/wp-json\/wp\/v2\/pages"}],"about":[{"href":"https:\/\/noudisplay.com\/index.php\/wp-json\/wp\/v2\/types\/page"}],"author":[{"embeddable":true,"href":"https:\/\/noudisplay.com\/index.php\/wp-json\/wp\/v2\/users\/1"}],"replies":[{"embeddable":true,"href":"https:\/\/noudisplay.com\/index.php\/wp-json\/wp\/v2\/comments?post=6015"}],"version-history":[{"count":2,"href":"https:\/\/noudisplay.com\/index.php\/wp-json\/wp\/v2\/pages\/6015\/revisions"}],"predecessor-version":[{"id":6127,"href":"https:\/\/noudisplay.com\/index.php\/wp-json\/wp\/v2\/pages\/6015\/revisions\/6127"}],"wp:attachment":[{"href":"https:\/\/noudisplay.com\/index.php\/wp-json\/wp\/v2\/media?parent=6015"}],"curies":[{"name":"wp","href":"https:\/\/api.w.org\/{rel}","templated":true}]}}