{"id":4808,"date":"2017-12-10T16:19:15","date_gmt":"2017-12-10T16:19:15","guid":{"rendered":"http:\/\/ciberpyme.barcelona\/noudisplay\/?page_id=4808"},"modified":"2023-06-19T15:36:04","modified_gmt":"2023-06-19T14:36:04","slug":"compromis","status":"publish","type":"page","link":"https:\/\/noudisplay.com\/index.php\/compromis\/?lang=es","title":{"rendered":"COMPROMISO (10\/12\/2017)"},"content":{"rendered":"<p>[et_pb_section bb_built=&#8221;1&#8243; _builder_version=&#8221;3.0.47&#8243; custom_padding=&#8221;0px|0px|0px|0px&#8221;][et_pb_row custom_padding=&#8221;0px|0px|1px|0px&#8221; make_equal=&#8221;on&#8221; module_class_1=&#8221;ds-vertical-align&#8221; module_class_2=&#8221;ds-vertical-align&#8221; _builder_version=&#8221;3.0.93&#8243; background_size=&#8221;initial&#8221; background_position=&#8221;top_left&#8221; background_repeat=&#8221;repeat&#8221; disabled=&#8221;off&#8221; disabled_on=&#8221;on|off|&#8221; custom_margin=&#8221;50px||10px|&#8221;][et_pb_column type=&#8221;1_2&#8243;][et_pb_text _builder_version=&#8221;3.0.83&#8243; custom_margin=&#8221;|-75px||30px&#8221; module_alignment=&#8221;right&#8221; text_text_color=&#8221;#b7b7b7&#8243;]<\/p>\n<ul>\n<li style=\"color: #f9820c;\"><span style=\"color: #666666;\">Innovamos y somos creativos en el dise\u00f1o, pero no perdemos de vista los objetivos de la campa\u00f1a.<\/span><\/li>\n<li style=\"color: #f9820c;\"><span style=\"color: #666666;\">Conocemos el peque\u00f1o punto de venta y tambi\u00e9n las grandes superficies.<\/span><\/li>\n<li style=\"color: #f9820c;\"><span style=\"color: #666666;\">Sabemos que cada punto de venta requiere de una atenci\u00f3n espec\u00edfica.<\/span><\/li>\n<li style=\"color: #f9820c;\"><span style=\"color: #666666;\">Creamos pensando en la sencillez en el montaje, la funcionalidad y la resistencia, el punto de venta donde&nbsp;se ubicar\u00e1, la facilidad de transporte y su colocaci\u00f3n.<\/span><\/li>\n<li style=\"color: #f9820c;\"><span style=\"color: #666666;\">Ofrecemos rapidez y compromiso en la fabricaci\u00f3n y entrega de los materiales.<\/span><\/li>\n<li style=\"color: #f9820c;\"><span style=\"color: #666666;\">Asesoramos en la selecci\u00f3n del material en funci\u00f3n de los objetivos de cada acci\u00f3n.<\/span><\/li>\n<li style=\"color: #f9820c;\"><span style=\"color: #666666;\">Somos un \u00fanico interlocutor para todos los procesos.<\/span><\/li>\n<li style=\"color: #f9820c;\"><span style=\"color: #666666;\">Y todo ello a precios muy competitivos.<\/span><\/li>\n<\/ul>\n<p>[\/et_pb_text][\/et_pb_column][et_pb_column type=&#8221;1_2&#8243;][et_pb_image src=&#8221;https:\/\/noudisplay.com\/wp-content\/uploads\/2018\/04\/lampara_510x482.jpg&#8221; url_new_window=&#8221;off&#8221; _builder_version=&#8221;3.0.100&#8243; show_in_lightbox=&#8221;off&#8221; use_overlay=&#8221;off&#8221; always_center_on_mobile=&#8221;on&#8221; force_fullwidth=&#8221;off&#8221; show_bottom_space=&#8221;on&#8221; custom_margin=&#8221;|||30px&#8221; \/][\/et_pb_column][\/et_pb_row][et_pb_row custom_padding=&#8221;0px|0px|1px|0px&#8221; make_equal=&#8221;on&#8221; module_class_1=&#8221;ds-vertical-align&#8221; module_class_2=&#8221;ds-vertical-align&#8221; _builder_version=&#8221;3.0.83&#8243; background_size=&#8221;initial&#8221; background_position=&#8221;top_left&#8221; background_repeat=&#8221;repeat&#8221; disabled=&#8221;off&#8221; disabled_on=&#8221;off|on|on&#8221;][et_pb_column type=&#8221;1_2&#8243;][et_pb_text _builder_version=&#8221;3.0.83&#8243; module_alignment=&#8221;right&#8221; text_text_color=&#8221;#b7b7b7&#8243;]<\/p>\n<ul>\n<li style=\"color: #f9820c;\"><span style=\"color: #666666;\">Innovamos y somos creativos en el dise\u00f1o, pero no perdemos de vista los objetivos de la campa\u00f1a.<\/span><\/li>\n<li style=\"color: #f9820c;\"><span style=\"color: #666666;\">Conocemos el peque\u00f1o punto de venta y tambi\u00e9n las grandes superficies.<\/span><\/li>\n<li style=\"color: #f9820c;\"><span style=\"color: #666666;\">Sabemos que cada punto de venta requiere de una atenci\u00f3n espec\u00edfica.<\/span><\/li>\n<li style=\"color: #f9820c;\"><span style=\"color: #666666;\">Creamos pensando en la sencillez en el montaje, la funcionalidad y la resistencia, el punto de venta donde&nbsp;se ubicar\u00e1, la facilidad de transporte y su colocaci\u00f3n.<\/span><\/li>\n<li style=\"color: #f9820c;\"><span style=\"color: #666666;\">Ofrecemos rapidez y compromiso en la fabricaci\u00f3n y entrega de los materiales.<\/span><\/li>\n<li style=\"color: #f9820c;\"><span style=\"color: #666666;\">Asesoramos en la selecci\u00f3n del material en funci\u00f3n de los objetivos de cada acci\u00f3n.<\/span><\/li>\n<li style=\"color: #f9820c;\"><span style=\"color: #666666;\">Somos un \u00fanico interlocutor para todos los procesos.<\/span><\/li>\n<li style=\"color: #f9820c;\"><span style=\"color: #666666;\">Y todo ello a precios muy competitivos.<\/span><\/li>\n<\/ul>\n<p>[\/et_pb_text][\/et_pb_column][et_pb_column type=&#8221;1_2&#8243;][et_pb_image src=&#8221;https:\/\/noudisplay.com\/wp-content\/uploads\/2018\/04\/lampara_510x482.jpg&#8221; url_new_window=&#8221;off&#8221; _builder_version=&#8221;3.0.100&#8243; show_in_lightbox=&#8221;off&#8221; use_overlay=&#8221;off&#8221; always_center_on_mobile=&#8221;on&#8221; force_fullwidth=&#8221;off&#8221; show_bottom_space=&#8221;on&#8221; \/][\/et_pb_column][\/et_pb_row][\/et_pb_section]<\/p>\n","protected":false},"excerpt":{"rendered":"<p>Innovamos y somos creativos en el dise\u00f1o, pero no perdemos de vista los objetivos de la campa\u00f1a. Conocemos el peque\u00f1o punto de venta y tambi\u00e9n las grandes superficies. Sabemos que cada punto de venta requiere de una atenci\u00f3n espec\u00edfica. Creamos pensando en la sencillez en el montaje, la funcionalidad y la resistencia, el punto de [&hellip;]<\/p>\n","protected":false},"author":1,"featured_media":0,"parent":0,"menu_order":0,"comment_status":"closed","ping_status":"closed","template":"","meta":{"_et_pb_use_builder":"on","_et_pb_old_content":"","_et_gb_content_width":"","footnotes":""},"class_list":["post-4808","page","type-page","status-publish","hentry"],"_links":{"self":[{"href":"https:\/\/noudisplay.com\/index.php\/wp-json\/wp\/v2\/pages\/4808","targetHints":{"allow":["GET"]}}],"collection":[{"href":"https:\/\/noudisplay.com\/index.php\/wp-json\/wp\/v2\/pages"}],"about":[{"href":"https:\/\/noudisplay.com\/index.php\/wp-json\/wp\/v2\/types\/page"}],"author":[{"embeddable":true,"href":"https:\/\/noudisplay.com\/index.php\/wp-json\/wp\/v2\/users\/1"}],"replies":[{"embeddable":true,"href":"https:\/\/noudisplay.com\/index.php\/wp-json\/wp\/v2\/comments?post=4808"}],"version-history":[{"count":18,"href":"https:\/\/noudisplay.com\/index.php\/wp-json\/wp\/v2\/pages\/4808\/revisions"}],"predecessor-version":[{"id":6184,"href":"https:\/\/noudisplay.com\/index.php\/wp-json\/wp\/v2\/pages\/4808\/revisions\/6184"}],"wp:attachment":[{"href":"https:\/\/noudisplay.com\/index.php\/wp-json\/wp\/v2\/media?parent=4808"}],"curies":[{"name":"wp","href":"https:\/\/api.w.org\/{rel}","templated":true}]}}