{"id":216,"date":"2017-10-22T22:49:48","date_gmt":"2017-10-22T21:49:48","guid":{"rendered":"http:\/\/ciberpyme.barcelona\/noudisplay\/?page_id=216"},"modified":"2018-01-04T20:37:58","modified_gmt":"2018-01-04T20:37:58","slug":"nota-legal","status":"publish","type":"page","link":"https:\/\/noudisplay.com\/index.php\/nota-legal\/","title":{"rendered":"NOTA LEGAL"},"content":{"rendered":"<p>[et_pb_section bb_built=&#8221;1&#8243;][et_pb_row _builder_version=&#8221;3.0.83&#8243; custom_margin=&#8221;||-50px|&#8221;][et_pb_column type=&#8221;4_4&#8243;][et_pb_text _builder_version=&#8221;3.0.83&#8243; text_text_color=&#8221;#666666&#8243; custom_margin=&#8221;-30px|||&#8221;]<\/p>\n<h1 style=\"color: #666666;\">NOTA LEGAL<\/h1>\n<p>En compliment del que estableix la Llei org\u00e0nica 15\/1999, de 13 de desembre, sobre protecci\u00f3 de dades de car\u00e0cter personal, us informem que les vostres dades personals recollides per mitj\u00e0 d&#8217;aquest web seran tractades de forma confidencial i es destinaran exclusivament a les finalitats expressades en cada cas.<\/p>\n<p>Els drets d\u2019autors, els textos, les imatges i la resta de continguts inclosos en aquest web s\u00f3n propietat exclusiva de NOUDISPLAY, SL, amb seu i domicili social a: <\/p>\n<p>Carrer Santander 49-52, nau 15<br \/>\n08020 Barcelona<br \/>\nNIF B-65792103<\/p>\n<p>Qualsevol acte de transmissi\u00f3, distribuci\u00f3, cessi\u00f3, reproducci\u00f3, comercialitzaci\u00f3, emmagatzematge, comunicaci\u00f3 p\u00fablica o transformaci\u00f3, total o parcial, necessita el consentiment expr\u00e9s i escrit de NOUDISPLAY, SL.<\/p>\n<\/p>\n<p>Respecte als drets de propietat intel\u00b7lectual, els continguts i elements gr\u00e0fics que formen part del lloc web noudisplay.com s\u00f3n de titularitat exclusiva de NOUDISPLAY, SL i dels seus autors i tenen la consideraci\u00f3 d\u2019obres protegides, d\u2019acord amb el Reial decret legislatiu 1\/1996, de 12 d\u2019abril, pel qual s\u2019aprova el text ref\u00f3s de la Llei de propietat intel\u00b7lectual.<\/p>\n<p>[\/et_pb_text][\/et_pb_column][\/et_pb_row][\/et_pb_section]<\/p>\n","protected":false},"excerpt":{"rendered":"<p>NOTA LEGAL En compliment del que estableix la Llei org\u00e0nica 15\/1999, de 13 de desembre, sobre protecci\u00f3 de dades de car\u00e0cter personal, us informem que les vostres dades personals recollides per mitj\u00e0 d&#8217;aquest web seran tractades de forma confidencial i es destinaran exclusivament a les finalitats expressades en cada cas. Els drets d\u2019autors, els textos, [&hellip;]<\/p>\n","protected":false},"author":1,"featured_media":0,"parent":0,"menu_order":0,"comment_status":"closed","ping_status":"closed","template":"","meta":{"_et_pb_use_builder":"on","_et_pb_old_content":"","_et_gb_content_width":"","footnotes":""},"class_list":["post-216","page","type-page","status-publish","hentry"],"_links":{"self":[{"href":"https:\/\/noudisplay.com\/index.php\/wp-json\/wp\/v2\/pages\/216","targetHints":{"allow":["GET"]}}],"collection":[{"href":"https:\/\/noudisplay.com\/index.php\/wp-json\/wp\/v2\/pages"}],"about":[{"href":"https:\/\/noudisplay.com\/index.php\/wp-json\/wp\/v2\/types\/page"}],"author":[{"embeddable":true,"href":"https:\/\/noudisplay.com\/index.php\/wp-json\/wp\/v2\/users\/1"}],"replies":[{"embeddable":true,"href":"https:\/\/noudisplay.com\/index.php\/wp-json\/wp\/v2\/comments?post=216"}],"version-history":[{"count":9,"href":"https:\/\/noudisplay.com\/index.php\/wp-json\/wp\/v2\/pages\/216\/revisions"}],"predecessor-version":[{"id":6003,"href":"https:\/\/noudisplay.com\/index.php\/wp-json\/wp\/v2\/pages\/216\/revisions\/6003"}],"wp:attachment":[{"href":"https:\/\/noudisplay.com\/index.php\/wp-json\/wp\/v2\/media?parent=216"}],"curies":[{"name":"wp","href":"https:\/\/api.w.org\/{rel}","templated":true}]}}